{"id":58,"date":"2024-11-26T03:02:05","date_gmt":"2024-11-26T06:02:05","guid":{"rendered":"https:\/\/sites.historia.uff.br\/neaf\/?page_id=58"},"modified":"2025-10-15T09:18:54","modified_gmt":"2025-10-15T12:18:54","slug":"o-nucleo","status":"publish","type":"page","link":"https:\/\/sites.historia.uff.br\/neaf\/o-nucleo\/","title":{"rendered":"O N\u00facleo"},"content":{"rendered":"\n<figure class=\"wp-block-image alignfull size-full\"><img loading=\"lazy\" width=\"1708\" height=\"375\" src=\"https:\/\/sites.historia.uff.br\/neaf\/wp-content\/uploads\/sites\/3\/2024\/11\/Logo_Neaf_Cor2.png\" alt=\"\" class=\"wp-image-100\" srcset=\"https:\/\/sites.historia.uff.br\/neaf\/wp-content\/uploads\/sites\/3\/2024\/11\/Logo_Neaf_Cor2.png 1708w, https:\/\/sites.historia.uff.br\/neaf\/wp-content\/uploads\/sites\/3\/2024\/11\/Logo_Neaf_Cor2-300x66.png 300w, https:\/\/sites.historia.uff.br\/neaf\/wp-content\/uploads\/sites\/3\/2024\/11\/Logo_Neaf_Cor2-1024x225.png 1024w, https:\/\/sites.historia.uff.br\/neaf\/wp-content\/uploads\/sites\/3\/2024\/11\/Logo_Neaf_Cor2-768x169.png 768w, https:\/\/sites.historia.uff.br\/neaf\/wp-content\/uploads\/sites\/3\/2024\/11\/Logo_Neaf_Cor2-1536x337.png 1536w\" sizes=\"(max-width: 1708px) 100vw, 1708px\" \/><\/figure>\n\n\n\n<h3>Coordena\u00e7\u00e3o<\/h3>\n\n\n\n<ul><li>Alexsander Gebara &#8211; Coordenador<\/li><li>Marcelo Bittencourt &#8211; Vice Coordenador<\/li><\/ul>\n\n\n\n<hr class=\"wp-block-separator aligncenter is-style-wide\" \/>\n\n\n\n<div style=\"height:45px\" aria-hidden=\"true\" class=\"wp-block-spacer\"><\/div>\n\n\n\n<h2 class=\"alignwide has-text-align-center\">Pesquisadores efetivos<\/h2>\n\n\n\n<div class=\"wp-block-columns\">\n<div class=\"wp-block-column\" style=\"flex-basis:33.33%\">\n<figure class=\"wp-block-image size-full\"><img loading=\"lazy\" width=\"591\" height=\"827\" src=\"https:\/\/sites.historia.uff.br\/neaf\/wp-content\/uploads\/sites\/3\/2024\/11\/NeaMembros_Alexsander-Gebara.jpg\" alt=\"\" class=\"wp-image-64\" srcset=\"https:\/\/sites.historia.uff.br\/neaf\/wp-content\/uploads\/sites\/3\/2024\/11\/NeaMembros_Alexsander-Gebara.jpg 591w, https:\/\/sites.historia.uff.br\/neaf\/wp-content\/uploads\/sites\/3\/2024\/11\/NeaMembros_Alexsander-Gebara-214x300.jpg 214w\" sizes=\"(max-width: 591px) 100vw, 591px\" \/><figcaption><strong><a href=\"http:\/\/lattes.cnpq.br\/1219074673252182\">ALEXSANDER GEBARA<\/a><\/strong><\/figcaption><\/figure>\n\n\n\n<p><strong>E-mail:<\/strong> algebara@id.uff.br<\/p>\n<\/div>\n\n\n\n<div class=\"wp-block-column\" style=\"flex-basis:66.66%\">\n<p><strong>Alexsander Gebrara<\/strong> <\/p>\n\n\n\n<p>Professor de Hist\u00f3ria da \u00c1frica na Universidade Federal Fluminense desde 2007. Formou-se em hist\u00f3ria pela Unicamp em 1998, fez mestrado na USP e&nbsp; doutorado na mesma institui\u00e7\u00e3o com est\u00e1gio de pesquisa na London School of Economics. Realizou tamb\u00e9m est\u00e1gios de p\u00f3s-doutoramento no King &#8216;s College em Londres, entre os anos de 2015 e 2016, e na San Diego State University, em 2023\/24. Trabalha principalmente com a an\u00e1lise do discurso colonial sobre a \u00c1frica com \u00eanfase em relatos de viagem produzidos ao longo do s\u00e9culo XIX no processo de consolida\u00e7\u00e3o da Hegemonia global Brit\u00e2nica.&nbsp; Atualmente est\u00e1 investindo em novas frentes de pesquisa buscando compreender o in\u00edcio das invas\u00f5es e estabelecimento dos estados colonialistas, particularmente na \u00c1frica Ocidental.<\/p>\n\n\n\n<div class=\"wp-container-1 wp-block-group\"><div class=\"wp-block-group__inner-container\">\n<ul><li><a href=\"https:\/\/x.com\/gebaraalex\">Lattes<\/a><\/li><\/ul>\n\n\n\n<ul><li><a href=\"https:\/\/x.com\/gebaraalex\">Twitter<\/a><\/li><\/ul>\n\n\n\n<ul><li><a href=\"https:\/\/uff.academia.edu\/AlexsanderGebara\">Academia.edu<\/a><\/li><\/ul>\n<\/div><\/div>\n<\/div>\n<\/div>\n\n\n\n<hr class=\"wp-block-separator\" \/>\n\n\n\n<div class=\"wp-block-columns\">\n<div class=\"wp-block-column\" style=\"flex-basis:66.66%\">\n<p><strong>Marcelo Bittencourt<\/strong><\/p>\n\n\n\n<p>Mestre em Antropologia Social pela Universidade de S\u00e3o Paulo (USP) e Doutor em Hist\u00f3ria Social pela Universidade Federal Fluminense (UFF). Professor Associado de Hist\u00f3ria da \u00c1frica do Departamento de Hist\u00f3ria da UFF. Realiza pesquisas sobre Angola, com especial \u00eanfase no estudo do colonialismo, da luta de liberta\u00e7\u00e3o e da Guerra Civil.&nbsp; \u00c9 Bolsista Produtividade do CNPq.<\/p>\n\n\n\n<div class=\"wp-container-2 wp-block-group\"><div class=\"wp-block-group__inner-container\">\n<ul><li><a href=\"http:\/\/lattes.cnpq.br\/0953960024730969\">Lattes<\/a><\/li><\/ul>\n\n\n\n<ul><li><a href=\"https:\/\/uff.academia.edu\/MarceloBittencourt\">Academia.edu<\/a><\/li><\/ul>\n<\/div><\/div>\n<\/div>\n\n\n\n<div class=\"wp-block-column\" style=\"flex-basis:33.33%\">\n<figure class=\"wp-block-image size-full\"><img loading=\"lazy\" width=\"591\" height=\"827\" src=\"https:\/\/sites.historia.uff.br\/neaf\/wp-content\/uploads\/sites\/3\/2024\/11\/Neaf_Membros_Marcelo-Bittencourt2.jpg\" alt=\"\" class=\"wp-image-63\" srcset=\"https:\/\/sites.historia.uff.br\/neaf\/wp-content\/uploads\/sites\/3\/2024\/11\/Neaf_Membros_Marcelo-Bittencourt2.jpg 591w, https:\/\/sites.historia.uff.br\/neaf\/wp-content\/uploads\/sites\/3\/2024\/11\/Neaf_Membros_Marcelo-Bittencourt2-214x300.jpg 214w\" sizes=\"(max-width: 591px) 100vw, 591px\" \/><figcaption><a href=\"http:\/\/lattes.cnpq.br\/0953960024730969\">MARCELO BITTENCOURT<\/a><\/figcaption><\/figure>\n\n\n\n<p><strong>E-mail:<\/strong> marcelo216@gmail.com<\/p>\n<\/div>\n<\/div>\n\n\n\n<hr class=\"wp-block-separator\" \/>\n\n\n\n<div class=\"wp-block-columns\">\n<div class=\"wp-block-column\" style=\"flex-basis:33.33%\">\n<figure class=\"wp-block-image size-full\"><img loading=\"lazy\" width=\"591\" height=\"827\" src=\"https:\/\/sites.historia.uff.br\/neaf\/wp-content\/uploads\/sites\/3\/2024\/11\/Neaf_Membros_Felipe-Paiva.jpg\" alt=\"\" class=\"wp-image-62\" srcset=\"https:\/\/sites.historia.uff.br\/neaf\/wp-content\/uploads\/sites\/3\/2024\/11\/Neaf_Membros_Felipe-Paiva.jpg 591w, https:\/\/sites.historia.uff.br\/neaf\/wp-content\/uploads\/sites\/3\/2024\/11\/Neaf_Membros_Felipe-Paiva-214x300.jpg 214w\" sizes=\"(max-width: 591px) 100vw, 591px\" \/><figcaption><a href=\"http:\/\/lattes.cnpq.br\/4140796644961276\"><strong>FELIPE PAIVA<\/strong><\/a><\/figcaption><\/figure>\n\n\n\n<p><strong>E-mail:<\/strong> felipepaiva@id.uff.br<\/p>\n<\/div>\n\n\n\n<div class=\"wp-block-column\" style=\"flex-basis:66.66%\">\n<p><strong>Felipe Paiva<\/strong><\/p>\n\n\n\n<p>Professor de Hist\u00f3ria da \u00c1frica na Universidade Federal Fluminense (UFF). Fundador e coordenador do Caliban \u2013 Experi\u00eancias coloniais comparadas. Suas pesquisas se concentram principalmente na an\u00e1lise do discurso colonial em perspectiva comparativa cr\u00edtica e no pensamento anticolonial. \u00c9 autor dos livros <em>Ind\u00f4mita Babel<\/em> (Ed.UFF, 2017), <em>Resist\u00eancia e Revolu\u00e7\u00e3o na \u00c1frica<\/em> (F\u00e1brica, 2019) e <em>A Biblioteca do Selvagem<\/em> (no prelo). Felipe \u00e9 tamb\u00e9m romancista, autor de <em>Descaminho<\/em> (Kotter, 2021).<\/p>\n\n\n\n<div class=\"wp-container-3 wp-block-group\"><div class=\"wp-block-group__inner-container\">\n<ul><li><a href=\"http:\/\/lattes.cnpq.br\/4140796644961276\">Lattes<\/a><\/li><\/ul>\n<\/div><\/div>\n<\/div>\n<\/div>\n\n\n\n<hr class=\"wp-block-separator is-style-wide\" \/>\n\n\n\n<h2 class=\"has-text-align-center\">Pesquisadores associados<\/h2>\n\n\n\n<ul><li>Laura Padilha<\/li><li>Iris Maria da Costa Am\u00e2ncio (Universidade Federal Fluminense)<\/li><li>Renata Flavia da Silva (Universidade Federal Fluminense)<\/li><li>Silvio Jorge (Universidade Federal Fluminense)<\/li><li><a href=\"http:\/\/lattes.cnpq.br\/2060103952022147\">Andrea Marzano (professora Unirio)<\/a><\/li><li>Mariana Pinho C\u00e2ndido (professora Princeton University)<\/li><li>Milton Guran (pesquisador LABHOI\/UFF)<\/li><li>Roberto Guedes (professor UFRRJ)<\/li><li>Roquinaldo Ferreira (professor University of Virginia)<\/li><\/ul>\n\n\n\n<hr class=\"wp-block-separator is-style-wide\" \/>\n\n\n\n<h2 class=\"has-text-align-center\">In Memoriam<\/h2>\n\n\n\n<ul><li>Alexandre Vieira Ribeiro<\/li><li>Alberto da Costa e Silva<\/li><\/ul>\n\n\n\n<hr class=\"wp-block-separator is-style-wide\" \/>\n\n\n\n<h2 class=\"has-text-align-center\">Doutorandos<\/h2>\n\n\n\n<div class=\"wp-block-columns\">\n<div class=\"wp-block-column\">\n<figure class=\"wp-block-image size-full\"><a href=\"http:\/\/lattes.cnpq.br\/1334507375635154\"><img loading=\"lazy\" width=\"591\" height=\"827\" src=\"https:\/\/sites.historia.uff.br\/neaf\/wp-content\/uploads\/sites\/3\/2024\/11\/Neaf_Doutorandos_Jonathan-Cesar-Rodrigues.jpg\" alt=\"\" class=\"wp-image-70\" srcset=\"https:\/\/sites.historia.uff.br\/neaf\/wp-content\/uploads\/sites\/3\/2024\/11\/Neaf_Doutorandos_Jonathan-Cesar-Rodrigues.jpg 591w, https:\/\/sites.historia.uff.br\/neaf\/wp-content\/uploads\/sites\/3\/2024\/11\/Neaf_Doutorandos_Jonathan-Cesar-Rodrigues-214x300.jpg 214w\" sizes=\"(max-width: 591px) 100vw, 591px\" \/><\/a><figcaption><a href=\"http:\/\/lattes.cnpq.br\/1334507375635154\">JONATHAN CESAR RODRIGUES<\/a><\/figcaption><\/figure>\n\n\n\n<p><strong>E-mail:<\/strong> jonathancesar@id.uff.br<\/p>\n<\/div>\n\n\n\n<div class=\"wp-block-column\">\n<p><strong>Jonathan Cesar Rodrigues<\/strong><\/p>\n\n\n\n<p>Graduado em Hist\u00f3ria pela UFRJ &#8211; Universidade Federal do Rio de Janeiro. \u00c9 mestre em Hist\u00f3ria Social pelo PPGHIS da Universidade Federal do Rio de Janeiro. Tem experi\u00eancia na \u00e1rea de Hist\u00f3ria, com \u00eanfase em Hist\u00f3ria dos Estados Unidos, Hist\u00f3ria do Jap\u00e3o e em estudos dos conceitos de Na\u00e7\u00e3o e Nacionalismo.<\/p>\n\n\n\n<ul><li><a href=\"http:\/\/lattes.cnpq.br\/1334507375635154\">Lattes<\/a><\/li><\/ul>\n<\/div>\n\n\n\n<div class=\"wp-block-column\"><\/div>\n<\/div>\n\n\n\n<hr class=\"wp-block-separator is-style-wide\" \/>\n\n\n\n<h2 class=\"has-text-align-center\">Mestrandos<\/h2>\n\n\n\n<div class=\"wp-block-columns\">\n<div class=\"wp-block-column\"><\/div>\n\n\n\n<div class=\"wp-block-column\">\n<p><strong>Juliana Veloso<\/strong><\/p>\n\n\n\n<p>Mestranda em Hist\u00f3ria pela Universidade Federal Fluminense, com gradua\u00e7\u00e3o em Hist\u00f3ria pela mesma institui\u00e7\u00e3o. \u00c9 professora de Hist\u00f3ria na Educa\u00e7\u00e3o B\u00e1sica. Estagiou na Procuradoria Geral do Estado do Rio de Janeiro, foi bolsista do PET Hist\u00f3ria e do PIBID\/CAPES, al\u00e9m de monitora em Teoria da Hist\u00f3ria pelo curso de Gradua\u00e7\u00e3o em Hist\u00f3ria da UFF.<\/p>\n\n\n\n<ul><li><a href=\"http:\/\/lattes.cnpq.br\/0966081994413875\">Lattes<\/a><\/li><\/ul>\n<\/div>\n\n\n\n<div class=\"wp-block-column\">\n<figure class=\"wp-block-image size-full\"><img loading=\"lazy\" width=\"591\" height=\"827\" src=\"https:\/\/sites.historia.uff.br\/neaf\/wp-content\/uploads\/sites\/3\/2024\/11\/Neaf_Mestranda_Juliana-Veloso.jpg\" alt=\"\" class=\"wp-image-71\" srcset=\"https:\/\/sites.historia.uff.br\/neaf\/wp-content\/uploads\/sites\/3\/2024\/11\/Neaf_Mestranda_Juliana-Veloso.jpg 591w, https:\/\/sites.historia.uff.br\/neaf\/wp-content\/uploads\/sites\/3\/2024\/11\/Neaf_Mestranda_Juliana-Veloso-214x300.jpg 214w\" sizes=\"(max-width: 591px) 100vw, 591px\" \/><figcaption><a href=\"http:\/\/lattes.cnpq.br\/0966081994413875\">JULIANA VELOSO<\/a><\/figcaption><\/figure>\n\n\n\n<p><strong>E-mail:<\/strong> jsmachado@id.uff.br<\/p>\n<\/div>\n<\/div>\n\n\n\n<hr class=\"wp-block-separator\" \/>\n\n\n\n<div class=\"wp-block-columns\">\n<div class=\"wp-block-column\">\n<figure class=\"wp-block-image size-full\"><img loading=\"lazy\" width=\"591\" height=\"827\" src=\"https:\/\/sites.historia.uff.br\/neaf\/wp-content\/uploads\/sites\/3\/2024\/11\/Neaf_Mestrandos_Caio-Manzoli.jpg\" alt=\"\" class=\"wp-image-72\" srcset=\"https:\/\/sites.historia.uff.br\/neaf\/wp-content\/uploads\/sites\/3\/2024\/11\/Neaf_Mestrandos_Caio-Manzoli.jpg 591w, https:\/\/sites.historia.uff.br\/neaf\/wp-content\/uploads\/sites\/3\/2024\/11\/Neaf_Mestrandos_Caio-Manzoli-214x300.jpg 214w\" sizes=\"(max-width: 591px) 100vw, 591px\" \/><figcaption><a href=\"https:\/\/lattes.cnpq.br\/9657689525968405\">CAIO MANZOLI<\/a><\/figcaption><\/figure>\n\n\n\n<p><strong>E-mail:<\/strong> caiomanzoli@id.uff.br<\/p>\n<\/div>\n\n\n\n<div class=\"wp-block-column\">\n<p><strong>Caio Manzoli<\/strong><\/p>\n\n\n\n<p>Mestrando em Hist\u00f3ria Social pelo Programa de P\u00f3s-Gradua\u00e7\u00e3o em Hist\u00f3ria da Universidade Federal Fluminense. Possui experi\u00eancia na \u00e1rea de Hist\u00f3ria, com \u00eanfase em Hist\u00f3ria Moderna e Contempor\u00e2nea.<\/p>\n\n\n\n<ul><li><a href=\"http:\/\/lattes.cnpq.br\/9657689525968405\">Lattes<\/a><\/li><\/ul>\n<\/div>\n\n\n\n<div class=\"wp-block-column\"><\/div>\n<\/div>\n\n\n\n<hr class=\"wp-block-separator\" \/>\n\n\n\n<div class=\"wp-block-columns\">\n<div class=\"wp-block-column\"><\/div>\n\n\n\n<div class=\"wp-block-column\">\n<p><strong>Amalte Rosilde Mendes Correia<\/strong><\/p>\n\n\n\n<p>Mestranda em Hist\u00f3ria pela Universidade Federal Fluminense, \u00e9 bacharel em Rela\u00e7\u00f5es Internacionais pela Universidade de Bras\u00edlia. Estagiou na Divis\u00e3o de Temas Sociais do Minist\u00e9rio das Rela\u00e7\u00f5es Exteriores do Brasil. \u00c9 T\u00e9cnica Superior afeta \u00e0 Dire\u00e7\u00e3o Geral da Pol\u00edtica Externa do Minist\u00e9rio dos Neg\u00f3cios Estrangeiros, Coopera\u00e7\u00e3o Internacional e Comunidades da Guin\u00e9-Bissau.<\/p>\n\n\n\n<ul><li><a href=\"http:\/\/lattes.cnpq.br\/6191021139903461\">Lattes<\/a><\/li><\/ul>\n<\/div>\n\n\n\n<div class=\"wp-block-column\">\n<figure class=\"wp-block-image size-full\"><img loading=\"lazy\" width=\"591\" height=\"827\" src=\"https:\/\/sites.historia.uff.br\/neaf\/wp-content\/uploads\/sites\/3\/2024\/11\/Neaf_Mestrandos_Amalte-Mendes.jpg\" alt=\"\" class=\"wp-image-74\" srcset=\"https:\/\/sites.historia.uff.br\/neaf\/wp-content\/uploads\/sites\/3\/2024\/11\/Neaf_Mestrandos_Amalte-Mendes.jpg 591w, https:\/\/sites.historia.uff.br\/neaf\/wp-content\/uploads\/sites\/3\/2024\/11\/Neaf_Mestrandos_Amalte-Mendes-214x300.jpg 214w\" sizes=\"(max-width: 591px) 100vw, 591px\" \/><figcaption><a href=\"http:\/\/lattes.cnpq.br\/6191021139903461\">AMALTE MENDES CORREIA<\/a><\/figcaption><\/figure>\n<\/div>\n<\/div>\n\n\n\n<hr class=\"wp-block-separator is-style-default\" \/>\n\n\n\n<div class=\"wp-block-columns\">\n<div class=\"wp-block-column\">\n<p><strong>Tha\u00edsa Antunes<\/strong><\/p>\n\n\n\n<p>Mestranda em Hist\u00f3ria pela Universidade Federal Fluminense, possui licenciatura em Hist\u00f3ria pela mesma institui\u00e7\u00e3o. \u00c9 estudante da especializa\u00e7\u00e3o em Hist\u00f3ria da \u00c1frica e da Di\u00e1spora Atl\u00e2ntica pelo Instituto de Pesquisa e Mem\u00f3ria Pretos Novos (IPN).<\/p>\n\n\n\n<ul><li><a href=\"http:\/\/lattes.cnpq.br\/6294046783345029\">Lattes<\/a><\/li><\/ul>\n<\/div>\n\n\n\n<div class=\"wp-block-column\"><\/div>\n\n\n\n<div class=\"wp-block-column\"><\/div>\n<\/div>\n\n\n\n<hr class=\"wp-block-separator is-style-wide\" \/>\n\n\n\n<h2 class=\"has-text-align-center\">Conselho Consultivo<\/h2>\n\n\n\n<ul><li><a href=\"http:\/\/lattes.cnpq.br\/4341044168232059\">Augusto Nascimento (Portugal)<\/a><\/li><li>Carmem L\u00facia Tind\u00f3 Secco (Brasil)<\/li><li>Catarina Madeira Santos (Fran\u00e7a)<\/li><li>Jean-Michel Mabeko Tali<\/li><li>Jo\u00e3o Carlos Borges Coelho (Mo\u00e7ambique)<\/li><li><a href=\"http:\/\/lattes.cnpq.br\/0837198234354009\">Jos\u00e9 Octavio Van Dunen (Angola)<\/a><\/li><li>Maurice Bazemo (Burkina Faso)<\/li><li>Paul E. Lovejoy (Canad\u00e1)<\/li><li><a href=\"http:\/\/lattes.cnpq.br\/1768535916101304\">Rita de Cassia Natal Chaves (Brasil)<\/a><\/li><li>Rosa Cruz e Silva (Angola)<\/li><li>Valdemir Zamparoni (Brasil)<\/li><\/ul>\n","protected":false},"excerpt":{"rendered":"<p>Coordena\u00e7\u00e3o Alexsander Gebara &#8211; Coordenador Marcelo Bittencourt &#8211; Vice Coordenador Pesquisadores efetivos E-mail: algebara@id.uff.br Alexsander Gebrara Professor de Hist\u00f3ria da \u00c1frica na Universidade Federal Fluminense desde 2007. Formou-se em hist\u00f3ria pela Unicamp em 1998, fez mestrado na USP e&nbsp; doutorado na mesma institui\u00e7\u00e3o com est\u00e1gio de pesquisa na London School of Economics. Realizou tamb\u00e9m est\u00e1gios&hellip;&nbsp;<a href=\"https:\/\/sites.historia.uff.br\/neaf\/o-nucleo\/\" class=\"\" rel=\"bookmark\">Continue a ler &raquo;<span class=\"screen-reader-text\">O N\u00facleo<\/span><\/a><\/p>\n","protected":false},"author":3,"featured_media":95,"parent":0,"menu_order":0,"comment_status":"closed","ping_status":"closed","template":"","meta":{"neve_meta_sidebar":"","neve_meta_container":"","neve_meta_enable_content_width":"","neve_meta_content_width":0,"neve_meta_title_alignment":"","neve_meta_author_avatar":"","neve_post_elements_order":"","neve_meta_disable_header":"","neve_meta_disable_footer":"","neve_meta_disable_title":""},"acf":[],"yoast_head":"<!-- This site is optimized with the Yoast SEO plugin v19.2 - https:\/\/yoast.com\/wordpress\/plugins\/seo\/ -->\n<title>O N\u00facleo - N\u00facleo de Estudos Africanos<\/title>\n<meta name=\"robots\" content=\"index, follow, max-snippet:-1, max-image-preview:large, max-video-preview:-1\" \/>\n<link rel=\"canonical\" href=\"https:\/\/sites.historia.uff.br\/neaf\/o-nucleo\/\" \/>\n<meta property=\"og:locale\" content=\"pt_BR\" \/>\n<meta property=\"og:type\" content=\"article\" \/>\n<meta property=\"og:title\" content=\"O N\u00facleo - N\u00facleo de Estudos Africanos\" \/>\n<meta property=\"og:description\" content=\"Coordena\u00e7\u00e3o Alexsander Gebara &#8211; Coordenador Marcelo Bittencourt &#8211; Vice Coordenador Pesquisadores efetivos E-mail: algebara@id.uff.br Alexsander Gebrara Professor de Hist\u00f3ria da \u00c1frica na Universidade Federal Fluminense desde 2007. Formou-se em hist\u00f3ria pela Unicamp em 1998, fez mestrado na USP e&nbsp; doutorado na mesma institui\u00e7\u00e3o com est\u00e1gio de pesquisa na London School of Economics. Realizou tamb\u00e9m est\u00e1gios&hellip;&nbsp;Continue a ler &raquo;O N\u00facleo\" \/>\n<meta property=\"og:url\" content=\"https:\/\/sites.historia.uff.br\/neaf\/o-nucleo\/\" \/>\n<meta property=\"og:site_name\" content=\"N\u00facleo de Estudos Africanos\" \/>\n<meta property=\"article:modified_time\" content=\"2025-10-15T12:18:54+00:00\" \/>\n<meta property=\"og:image\" content=\"https:\/\/sites.historia.uff.br\/neaf\/wp-content\/uploads\/sites\/3\/2024\/11\/Logo_Neaf_horizontal-terracota-com-baoba.png\" \/>\n\t<meta property=\"og:image:width\" content=\"827\" \/>\n\t<meta property=\"og:image:height\" content=\"236\" \/>\n\t<meta property=\"og:image:type\" content=\"image\/png\" \/>\n<meta name=\"author\" content=\"neaf\" \/>\n<meta name=\"twitter:card\" content=\"summary_large_image\" \/>\n<meta name=\"twitter:label1\" content=\"Est. tempo de leitura\" \/>\n\t<meta name=\"twitter:data1\" content=\"6 minutos\" \/>\n<script type=\"application\/ld+json\" class=\"yoast-schema-graph\">{\"@context\":\"https:\/\/schema.org\",\"@graph\":[{\"@type\":\"WebSite\",\"@id\":\"https:\/\/sites.historia.uff.br\/neaf\/#website\",\"url\":\"https:\/\/sites.historia.uff.br\/neaf\/\",\"name\":\"N\u00facleo de Estudos Africanos\",\"description\":\"Instituto de Hist\u00f3ria da UFF\",\"potentialAction\":[{\"@type\":\"SearchAction\",\"target\":{\"@type\":\"EntryPoint\",\"urlTemplate\":\"https:\/\/sites.historia.uff.br\/neaf\/?s={search_term_string}\"},\"query-input\":\"required name=search_term_string\"}],\"inLanguage\":\"pt-BR\"},{\"@type\":\"ImageObject\",\"inLanguage\":\"pt-BR\",\"@id\":\"https:\/\/sites.historia.uff.br\/neaf\/o-nucleo\/#primaryimage\",\"url\":\"https:\/\/sites.historia.uff.br\/neaf\/wp-content\/uploads\/sites\/3\/2024\/11\/Logo_Neaf_horizontal-terracota-com-baoba.png\",\"contentUrl\":\"https:\/\/sites.historia.uff.br\/neaf\/wp-content\/uploads\/sites\/3\/2024\/11\/Logo_Neaf_horizontal-terracota-com-baoba.png\",\"width\":827,\"height\":236},{\"@type\":\"WebPage\",\"@id\":\"https:\/\/sites.historia.uff.br\/neaf\/o-nucleo\/#webpage\",\"url\":\"https:\/\/sites.historia.uff.br\/neaf\/o-nucleo\/\",\"name\":\"O N\u00facleo - N\u00facleo de Estudos Africanos\",\"isPartOf\":{\"@id\":\"https:\/\/sites.historia.uff.br\/neaf\/#website\"},\"primaryImageOfPage\":{\"@id\":\"https:\/\/sites.historia.uff.br\/neaf\/o-nucleo\/#primaryimage\"},\"datePublished\":\"2024-11-26T06:02:05+00:00\",\"dateModified\":\"2025-10-15T12:18:54+00:00\",\"breadcrumb\":{\"@id\":\"https:\/\/sites.historia.uff.br\/neaf\/o-nucleo\/#breadcrumb\"},\"inLanguage\":\"pt-BR\",\"potentialAction\":[{\"@type\":\"ReadAction\",\"target\":[\"https:\/\/sites.historia.uff.br\/neaf\/o-nucleo\/\"]}]},{\"@type\":\"BreadcrumbList\",\"@id\":\"https:\/\/sites.historia.uff.br\/neaf\/o-nucleo\/#breadcrumb\",\"itemListElement\":[{\"@type\":\"ListItem\",\"position\":1,\"name\":\"In\u00edcio\",\"item\":\"https:\/\/sites.historia.uff.br\/neaf\/\"},{\"@type\":\"ListItem\",\"position\":2,\"name\":\"O N\u00facleo\"}]}]}<\/script>\n<!-- \/ Yoast SEO plugin. -->","yoast_head_json":{"title":"O N\u00facleo - N\u00facleo de Estudos Africanos","robots":{"index":"index","follow":"follow","max-snippet":"max-snippet:-1","max-image-preview":"max-image-preview:large","max-video-preview":"max-video-preview:-1"},"canonical":"https:\/\/sites.historia.uff.br\/neaf\/o-nucleo\/","og_locale":"pt_BR","og_type":"article","og_title":"O N\u00facleo - N\u00facleo de Estudos Africanos","og_description":"Coordena\u00e7\u00e3o Alexsander Gebara &#8211; Coordenador Marcelo Bittencourt &#8211; Vice Coordenador Pesquisadores efetivos E-mail: algebara@id.uff.br Alexsander Gebrara Professor de Hist\u00f3ria da \u00c1frica na Universidade Federal Fluminense desde 2007. Formou-se em hist\u00f3ria pela Unicamp em 1998, fez mestrado na USP e&nbsp; doutorado na mesma institui\u00e7\u00e3o com est\u00e1gio de pesquisa na London School of Economics. Realizou tamb\u00e9m est\u00e1gios&hellip;&nbsp;Continue a ler &raquo;O N\u00facleo","og_url":"https:\/\/sites.historia.uff.br\/neaf\/o-nucleo\/","og_site_name":"N\u00facleo de Estudos Africanos","article_modified_time":"2025-10-15T12:18:54+00:00","og_image":[{"width":827,"height":236,"url":"https:\/\/sites.historia.uff.br\/neaf\/wp-content\/uploads\/sites\/3\/2024\/11\/Logo_Neaf_horizontal-terracota-com-baoba.png","type":"image\/png"}],"author":"neaf","twitter_card":"summary_large_image","twitter_misc":{"Est. tempo de leitura":"6 minutos"},"schema":{"@context":"https:\/\/schema.org","@graph":[{"@type":"WebSite","@id":"https:\/\/sites.historia.uff.br\/neaf\/#website","url":"https:\/\/sites.historia.uff.br\/neaf\/","name":"N\u00facleo de Estudos Africanos","description":"Instituto de Hist\u00f3ria da UFF","potentialAction":[{"@type":"SearchAction","target":{"@type":"EntryPoint","urlTemplate":"https:\/\/sites.historia.uff.br\/neaf\/?s={search_term_string}"},"query-input":"required name=search_term_string"}],"inLanguage":"pt-BR"},{"@type":"ImageObject","inLanguage":"pt-BR","@id":"https:\/\/sites.historia.uff.br\/neaf\/o-nucleo\/#primaryimage","url":"https:\/\/sites.historia.uff.br\/neaf\/wp-content\/uploads\/sites\/3\/2024\/11\/Logo_Neaf_horizontal-terracota-com-baoba.png","contentUrl":"https:\/\/sites.historia.uff.br\/neaf\/wp-content\/uploads\/sites\/3\/2024\/11\/Logo_Neaf_horizontal-terracota-com-baoba.png","width":827,"height":236},{"@type":"WebPage","@id":"https:\/\/sites.historia.uff.br\/neaf\/o-nucleo\/#webpage","url":"https:\/\/sites.historia.uff.br\/neaf\/o-nucleo\/","name":"O N\u00facleo - N\u00facleo de Estudos Africanos","isPartOf":{"@id":"https:\/\/sites.historia.uff.br\/neaf\/#website"},"primaryImageOfPage":{"@id":"https:\/\/sites.historia.uff.br\/neaf\/o-nucleo\/#primaryimage"},"datePublished":"2024-11-26T06:02:05+00:00","dateModified":"2025-10-15T12:18:54+00:00","breadcrumb":{"@id":"https:\/\/sites.historia.uff.br\/neaf\/o-nucleo\/#breadcrumb"},"inLanguage":"pt-BR","potentialAction":[{"@type":"ReadAction","target":["https:\/\/sites.historia.uff.br\/neaf\/o-nucleo\/"]}]},{"@type":"BreadcrumbList","@id":"https:\/\/sites.historia.uff.br\/neaf\/o-nucleo\/#breadcrumb","itemListElement":[{"@type":"ListItem","position":1,"name":"In\u00edcio","item":"https:\/\/sites.historia.uff.br\/neaf\/"},{"@type":"ListItem","position":2,"name":"O N\u00facleo"}]}]}},"uagb_featured_image_src":{"full":["https:\/\/sites.historia.uff.br\/neaf\/wp-content\/uploads\/sites\/3\/2024\/11\/Logo_Neaf_horizontal-terracota-com-baoba.png",827,236,false],"thumbnail":["https:\/\/sites.historia.uff.br\/neaf\/wp-content\/uploads\/sites\/3\/2024\/11\/Logo_Neaf_horizontal-terracota-com-baoba-150x150.png",150,150,true],"medium":["https:\/\/sites.historia.uff.br\/neaf\/wp-content\/uploads\/sites\/3\/2024\/11\/Logo_Neaf_horizontal-terracota-com-baoba-300x86.png",300,86,true],"medium_large":["https:\/\/sites.historia.uff.br\/neaf\/wp-content\/uploads\/sites\/3\/2024\/11\/Logo_Neaf_horizontal-terracota-com-baoba-768x219.png",768,219,true],"large":["https:\/\/sites.historia.uff.br\/neaf\/wp-content\/uploads\/sites\/3\/2024\/11\/Logo_Neaf_horizontal-terracota-com-baoba.png",827,236,false],"1536x1536":["https:\/\/sites.historia.uff.br\/neaf\/wp-content\/uploads\/sites\/3\/2024\/11\/Logo_Neaf_horizontal-terracota-com-baoba.png",827,236,false],"2048x2048":["https:\/\/sites.historia.uff.br\/neaf\/wp-content\/uploads\/sites\/3\/2024\/11\/Logo_Neaf_horizontal-terracota-com-baoba.png",827,236,false],"neve-blog":["https:\/\/sites.historia.uff.br\/neaf\/wp-content\/uploads\/sites\/3\/2024\/11\/Logo_Neaf_horizontal-terracota-com-baoba.png",827,236,false]},"uagb_author_info":{"display_name":"neaf","author_link":"https:\/\/sites.historia.uff.br\/neaf\/author\/neaf\/"},"uagb_comment_info":0,"uagb_excerpt":"Coordena\u00e7\u00e3o Alexsander Gebara &#8211; Coordenador Marcelo Bittencourt &#8211; Vice Coordenador Pesquisadores efetivos E-mail: algebara@id.uff.br Alexsander Gebrara Professor de Hist\u00f3ria da \u00c1frica na Universidade Federal Fluminense desde 2007. Formou-se em hist\u00f3ria pela Unicamp em 1998, fez mestrado na USP e&nbsp; doutorado na mesma institui\u00e7\u00e3o com est\u00e1gio de pesquisa na London School of Economics. Realizou tamb\u00e9m est\u00e1gios&hellip;&nbsp;Continue&hellip;","_links":{"self":[{"href":"https:\/\/sites.historia.uff.br\/neaf\/wp-json\/wp\/v2\/pages\/58"}],"collection":[{"href":"https:\/\/sites.historia.uff.br\/neaf\/wp-json\/wp\/v2\/pages"}],"about":[{"href":"https:\/\/sites.historia.uff.br\/neaf\/wp-json\/wp\/v2\/types\/page"}],"author":[{"embeddable":true,"href":"https:\/\/sites.historia.uff.br\/neaf\/wp-json\/wp\/v2\/users\/3"}],"replies":[{"embeddable":true,"href":"https:\/\/sites.historia.uff.br\/neaf\/wp-json\/wp\/v2\/comments?post=58"}],"version-history":[{"count":21,"href":"https:\/\/sites.historia.uff.br\/neaf\/wp-json\/wp\/v2\/pages\/58\/revisions"}],"predecessor-version":[{"id":295,"href":"https:\/\/sites.historia.uff.br\/neaf\/wp-json\/wp\/v2\/pages\/58\/revisions\/295"}],"wp:featuredmedia":[{"embeddable":true,"href":"https:\/\/sites.historia.uff.br\/neaf\/wp-json\/wp\/v2\/media\/95"}],"wp:attachment":[{"href":"https:\/\/sites.historia.uff.br\/neaf\/wp-json\/wp\/v2\/media?parent=58"}],"curies":[{"name":"wp","href":"https:\/\/api.w.org\/{rel}","templated":true}]}}